{"id":446,"date":"2024-01-17T13:04:40","date_gmt":"2024-01-17T13:04:40","guid":{"rendered":"https:\/\/furdoapartman.hu\/?page_id=446"},"modified":"2024-01-23T12:22:17","modified_gmt":"2024-01-23T12:22:17","slug":"hazirend","status":"publish","type":"page","link":"https:\/\/furdoapartman.hu\/?page_id=446","title":{"rendered":"H\u00e1zirend"},"content":{"rendered":"\t\t<div data-elementor-type=\"wp-page\" data-elementor-id=\"446\" class=\"elementor elementor-446\" data-elementor-post-type=\"page\">\n\t\t\t\t<div class=\"elementor-element elementor-element-364c955 e-flex e-con-boxed e-con e-parent\" data-id=\"364c955\" data-element_type=\"container\" data-settings=\"{&quot;background_background&quot;:&quot;classic&quot;}\">\n\t\t\t\t\t<div class=\"e-con-inner\">\n\t\t\t\t<div class=\"elementor-element elementor-element-a15b3ba elementor-widget elementor-widget-heading\" data-id=\"a15b3ba\" data-element_type=\"widget\" data-widget_type=\"heading.default\">\n\t\t\t\t<div class=\"elementor-widget-container\">\n\t\t\t<style>\/*! elementor - v3.21.0 - 08-05-2024 *\/\n.elementor-heading-title{padding:0;margin:0;line-height:1}.elementor-widget-heading .elementor-heading-title[class*=elementor-size-]>a{color:inherit;font-size:inherit;line-height:inherit}.elementor-widget-heading .elementor-heading-title.elementor-size-small{font-size:15px}.elementor-widget-heading .elementor-heading-title.elementor-size-medium{font-size:19px}.elementor-widget-heading .elementor-heading-title.elementor-size-large{font-size:29px}.elementor-widget-heading .elementor-heading-title.elementor-size-xl{font-size:39px}.elementor-widget-heading .elementor-heading-title.elementor-size-xxl{font-size:59px}<\/style><h2 class=\"elementor-heading-title elementor-size-default\">F\u00fcrd\u0151 Apartman <br>(NTAK reg.sz\u00e1m: EG23063299) <br>h\u00e1zirend<\/h2>\t\t<\/div>\n\t\t\t\t<\/div>\n\t\t\t\t\t<\/div>\n\t\t\t\t<\/div>\n\t\t<div class=\"elementor-element elementor-element-13610d2 e-flex e-con-boxed e-con e-parent\" data-id=\"13610d2\" data-element_type=\"container\" data-settings=\"{&quot;background_background&quot;:&quot;classic&quot;}\">\n\t\t\t\t\t<div class=\"e-con-inner\">\n\t\t\t\t<div class=\"elementor-element elementor-element-e9eb391 elementor-widget elementor-widget-text-editor\" data-id=\"e9eb391\" data-element_type=\"widget\" data-widget_type=\"text-editor.default\">\n\t\t\t\t<div class=\"elementor-widget-container\">\n\t\t\t<style>\/*! elementor - v3.21.0 - 08-05-2024 *\/\n.elementor-widget-text-editor.elementor-drop-cap-view-stacked .elementor-drop-cap{background-color:#69727d;color:#fff}.elementor-widget-text-editor.elementor-drop-cap-view-framed .elementor-drop-cap{color:#69727d;border:3px solid;background-color:transparent}.elementor-widget-text-editor:not(.elementor-drop-cap-view-default) .elementor-drop-cap{margin-top:8px}.elementor-widget-text-editor:not(.elementor-drop-cap-view-default) .elementor-drop-cap-letter{width:1em;height:1em}.elementor-widget-text-editor .elementor-drop-cap{float:left;text-align:center;line-height:1;font-size:50px}.elementor-widget-text-editor .elementor-drop-cap-letter{display:inline-block}<\/style>\t\t\t\t<p>A sz\u00e1ll\u00e1st az <span style=\"text-decoration: underline;\"><strong>\u00e9rkez\u00e9s<\/strong> <\/span>napj\u00e1n 14.00 \u00e9s 20.00 k\u00f6z\u00f6tt lehet elfoglalni. Ha k\u00e9s\u0151bb \u00e9rkezne, k\u00e9rj\u00fck,telefonon t\u00e1j\u00e9koztasson minket. Ha ezt elmulasztja, megeshet, hogy nem tudjuk azonnal fogadni.<\/p><p>A <span style=\"text-decoration: underline;\"><strong>t\u00e1voz\u00e1s<\/strong> <\/span>napj\u00e1n 10.00-ig kell elhagyni a sz\u00e1ll\u00e1shelyet, ellenkez\u0151 esetben fel\u00e1rat sz\u00e1molunk fel.<\/p><p>K\u00e9rj\u00fck sz\u00edveskedjen legk\u00e9s\u0151bb el\u0151z\u0151 napon megbesz\u00e9lni vel\u00fcnk, hogy h\u00e1ny \u00f3ra fel\u00e9 szeretn\u00e9 elhagyni a vend\u00e9gh\u00e1zat, hogy id\u0151ben meg tudjunk jelenni a kulcs\u00e1tv\u00e9telhez.<\/p><p>K\u00e9rj\u00fck kedves vend\u00e9geinket, hogy a saj\u00e1t szob\u00e1jukhoz megjel\u00f6lt <span style=\"text-decoration: underline;\"><strong>parkol\u00f3t<\/strong> <\/span>haszn\u00e1lj\u00e1k.<\/p><p>A <span style=\"text-decoration: underline;\"><strong>doh\u00e1nyz\u00e1s<\/strong> <\/span>(elektromos cigaretta \u00e9s IQOS is) <span style=\"text-decoration: underline;\"><strong>szigor\u00faan tilos<\/strong><\/span> az apartman teljes ter\u00fclet\u00e9n!<\/p><p>T\u00fczet rakni csak a kijel\u00f6lt helyen lehet (szalonnas\u00fct\u0151) a mindenkori t\u0171zv\u00e9delmi szab\u00e1lyok betart\u00e1s\u00e1val!<\/p><p>Megk\u00e9rj\u00fck vend\u00e9geinket, hogy arra az id\u0151re am\u00edg huzamosabb ideig nem tart\u00f3zkodnak a szob\u00e1jukban, legyenek sz\u00edvesek a berendez\u00e9seket (s\u00fct\u0151, kl\u00edma, l\u00e1mpa, tv, stb\u2026) kikapcsolni.<\/p><p>A sz\u00e1ll\u00e1shely ter\u00fclet\u00e9n <span style=\"text-decoration: underline;\"><strong>h\u00e1zi\u00e1llat<\/strong> <\/span>nem tart\u00f3zkodhat.<\/p><p>A sz\u00e1ll\u00e1shelyen tal\u00e1lhat\u00f3 foly\u00f3v\u00edz fogyaszt\u00e1sra alkalmas, iv\u00f3v\u00edz min\u0151s\u00e9g\u0171, azonban a k\u00f6rny\u00e9ken jellemz\u0151 intenz\u00edv \u00edz jellemzi. Amennyiben erre \u00e9rz\u00e9keny, \u00fagy k\u00e9sz\u00fclj\u00f6n palackos v\u00edzzel az itt tart\u00f3zkod\u00e1sa alatt!<\/p><p><br \/>Valamennyi szob\u00e1ban f\u00fcst \u00e9s sz\u00e9n-monoxid \u00e9rz\u00e9kel\u0151 \u00fczemel. Riaszt\u00e1s eset\u00e9n azonnal hagyja el az \u00e9p\u00fcletet!<\/p><p>Az egy h\u00e9tn\u00e9l hosszabb tart\u00f3zkod\u00e1s\u00fa vend\u00e9geinknek heti egy takar\u00edt\u00e1st el\u0151re megbesz\u00e9lt<br \/>id\u0151pontban biztos\u00edtunk. Ig\u00e9ny eset\u00e9n vend\u00e9geink fel\u00e1r ellen\u00e9ben extra takar\u00edt\u00e1st is k\u00e9rhetnek.<br \/>A vend\u00e9gek k\u00fcl\u00f6n k\u00e9r\u00e9s\u00e9re rendelkez\u00e9sre \u00e1ll plusz takar\u00f3 illetve pl\u00e9d.<\/p><p><span style=\"text-decoration: underline;\"><strong>\u00dcgyeleti telefonsz\u00e1m: <\/strong><\/span><\/p><p>Szij\u00e1rt\u00f3 Ferencn\u00e9 L\u00eddia<\/p><p>+36 30\/602 8245<\/p><p>Kellemes kikapcsol\u00f3d\u00e1st k\u00edv\u00e1nunk!<\/p>\t\t\t\t\t\t<\/div>\n\t\t\t\t<\/div>\n\t\t\t\t\t<\/div>\n\t\t\t\t<\/div>\n\t\t\t\t<\/div>\n\t\t","protected":false},"excerpt":{"rendered":"<p>F\u00fcrd\u0151 Apartman (NTAK reg.sz\u00e1m: EG23063299) h\u00e1zirend A sz\u00e1ll\u00e1st az \u00e9rkez\u00e9s napj\u00e1n 14.00 \u00e9s 20.00 k\u00f6z\u00f6tt lehet elfoglalni. Ha k\u00e9s\u0151bb \u00e9rkezne, k\u00e9rj\u00fck,telefonon t\u00e1j\u00e9koztasson minket. Ha ezt elmulasztja, megeshet, hogy nem tudjuk azonnal fogadni. A t\u00e1voz\u00e1s napj\u00e1n 10.00-ig kell elhagyni a sz\u00e1ll\u00e1shelyet, ellenkez\u0151 esetben fel\u00e1rat sz\u00e1molunk fel. K\u00e9rj\u00fck sz\u00edveskedjen legk\u00e9s\u0151bb el\u0151z\u0151 napon megbesz\u00e9lni vel\u00fcnk, hogy h\u00e1ny \u00f3ra &#8230; <a title=\"H\u00e1zirend\" class=\"read-more\" href=\"https:\/\/furdoapartman.hu\/?page_id=446\" aria-label=\"Read more about H\u00e1zirend\">Olvass tov\u00e1bb<\/a><\/p>\n","protected":false},"author":1,"featured_media":0,"parent":0,"menu_order":0,"comment_status":"closed","ping_status":"closed","template":"elementor_header_footer","meta":{"footnotes":""},"_links":{"self":[{"href":"https:\/\/furdoapartman.hu\/index.php?rest_route=\/wp\/v2\/pages\/446"}],"collection":[{"href":"https:\/\/furdoapartman.hu\/index.php?rest_route=\/wp\/v2\/pages"}],"about":[{"href":"https:\/\/furdoapartman.hu\/index.php?rest_route=\/wp\/v2\/types\/page"}],"author":[{"embeddable":true,"href":"https:\/\/furdoapartman.hu\/index.php?rest_route=\/wp\/v2\/users\/1"}],"replies":[{"embeddable":true,"href":"https:\/\/furdoapartman.hu\/index.php?rest_route=%2Fwp%2Fv2%2Fcomments&post=446"}],"version-history":[{"count":67,"href":"https:\/\/furdoapartman.hu\/index.php?rest_route=\/wp\/v2\/pages\/446\/revisions"}],"predecessor-version":[{"id":526,"href":"https:\/\/furdoapartman.hu\/index.php?rest_route=\/wp\/v2\/pages\/446\/revisions\/526"}],"wp:attachment":[{"href":"https:\/\/furdoapartman.hu\/index.php?rest_route=%2Fwp%2Fv2%2Fmedia&parent=446"}],"curies":[{"name":"wp","href":"https:\/\/api.w.org\/{rel}","templated":true}]}}

Házirend

<div data-elementor-type="wp-page" data-elementor-id="446" class="elementor elementor-446" data-elementor-post-type="page">
				<div class="elementor-element elementor-element-364c955 e-flex e-con-boxed e-con e-parent" data-id="364c955" data-element_type="container" data-settings="{&quot;background_background&quot;:&quot;classic&quot;}">
					<div class="e-con-inner">
				<div class="elementor-element elementor-element-a15b3ba elementor-widget elementor-widget-heading" data-id="a15b3ba" data-element_type="widget" data-widget_type="heading.default">
				<div class="elementor-widget-container">
			<style>/*! elementor - v3.21.0 - 08-05-2024 */
.elementor-heading-title{padding:0;margin:0;line-height:1}.elementor-widget-heading .elementor-heading-title[class*=elementor-size-]>a{color:inherit;font-size:inherit;line-height:inherit}.elementor-widget-heading .elementor-heading-title.elementor-size-small{font-size:15px}.elementor-widget-heading .elementor-heading-title.elementor-size-medium{font-size:19px}.elementor-widget-heading .elementor-heading-title.elementor-size-large{font-size:29px}.elementor-widget-heading .elementor-heading-title.elementor-size-xl{font-size:39px}.elementor-widget-heading .elementor-heading-title.elementor-size-xxl{font-size:59px}</style><h2 class="elementor-heading-title elementor-size-default">Fürdő Apartman <br>(NTAK reg.szám: EG23063299) <br>házirend</h2>		</div>
				</div>
					</div>
				</div>
		<div class="elementor-element elementor-element-13610d2 e-flex e-con-boxed e-con e-parent" data-id="13610d2" data-element_type="container" data-settings="{&quot;background_background&quot;:&quot;classic&quot;}">
					<div class="e-con-inner">
				<div class="elementor-element elementor-element-e9eb391 elementor-widget elementor-widget-text-editor" data-id="e9eb391" data-element_type="widget" data-widget_type="text-editor.default">
				<div class="elementor-widget-container">
			<style>/*! elementor - v3.21.0 - 08-05-2024 */
.elementor-widget-text-editor.elementor-drop-cap-view-stacked .elementor-drop-cap{background-color:#69727d;color:#fff}.elementor-widget-text-editor.elementor-drop-cap-view-framed .elementor-drop-cap{color:#69727d;border:3px solid;background-color:transparent}.elementor-widget-text-editor:not(.elementor-drop-cap-view-default) .elementor-drop-cap{margin-top:8px}.elementor-widget-text-editor:not(.elementor-drop-cap-view-default) .elementor-drop-cap-letter{width:1em;height:1em}.elementor-widget-text-editor .elementor-drop-cap{float:left;text-align:center;line-height:1;font-size:50px}.elementor-widget-text-editor .elementor-drop-cap-letter{display:inline-block}</style>				<p>A szállást az <span style="text-decoration: underline;"><strong>érkezés</strong> </span>napján 14.00 és 20.00 között lehet elfoglalni. Ha később érkezne, kérjük,telefonon tájékoztasson minket. Ha ezt elmulasztja, megeshet, hogy nem tudjuk azonnal fogadni.</p><p>A <span style="text-decoration: underline;"><strong>távozás</strong> </span>napján 10.00-ig kell elhagyni a szálláshelyet, ellenkező esetben felárat számolunk fel.</p><p>Kérjük szíveskedjen legkésőbb előző napon megbeszélni velünk, hogy hány óra felé szeretné elhagyni a vendégházat, hogy időben meg tudjunk jelenni a kulcsátvételhez.</p><p>Kérjük kedves vendégeinket, hogy a saját szobájukhoz megjelölt <span style="text-decoration: underline;"><strong>parkolót</strong> </span>használják.</p><p>A <span style="text-decoration: underline;"><strong>dohányzás</strong> </span>(elektromos cigaretta és IQOS is) <span style="text-decoration: underline;"><strong>szigorúan tilos</strong></span> az apartman teljes területén!</p><p>Tüzet rakni csak a kijelölt helyen lehet (szalonnasütő) a mindenkori tűzvédelmi szabályok betartásával!</p><p>Megkérjük vendégeinket, hogy arra az időre amíg huzamosabb ideig nem tartózkodnak a szobájukban, legyenek szívesek a berendezéseket (sütő, klíma, lámpa, tv, stb…) kikapcsolni.</p><p>A szálláshely területén <span style="text-decoration: underline;"><strong>háziállat</strong> </span>nem tartózkodhat.</p><p>A szálláshelyen található folyóvíz fogyasztásra alkalmas, ivóvíz minőségű, azonban a környéken jellemző intenzív íz jellemzi. Amennyiben erre érzékeny, úgy készüljön palackos vízzel az itt tartózkodása alatt!</p><p><br />Valamennyi szobában füst és szén-monoxid érzékelő üzemel. Riasztás esetén azonnal hagyja el az épületet!</p><p>Az egy hétnél hosszabb tartózkodású vendégeinknek heti egy takarítást előre megbeszélt<br />időpontban biztosítunk. Igény esetén vendégeink felár ellenében extra takarítást is kérhetnek.<br />A vendégek külön kérésére rendelkezésre áll plusz takaró illetve pléd.</p><p><span style="text-decoration: underline;"><strong>Ügyeleti telefonszám: </strong></span></p><p>Szijártó Ferencné Lídia</p><p>+36 30/602 8245</p><p>Kellemes kikapcsolódást kívánunk!</p>						</div>
				</div>
					</div>
				</div>
				</div>

<p>Fürdő Apartman (NTAK reg.szám: EG23063299) házirend A szállást az érkezés napján 14.00 és 20.00 között lehet elfoglalni. Ha később érkezne, kérjük,telefonon tájékoztasson minket. Ha ezt elmulasztja, megeshet, hogy nem tudjuk azonnal fogadni. A távozás napján 10.00-ig kell elhagyni a szálláshelyet, ellenkező esetben felárat számolunk fel. Kérjük szíveskedjen legkésőbb előző napon megbeszélni velünk, hogy hány óra &#8230; <a title="Házirend" class="read-more" href="https://furdoapartman.hu/?page_id=446" aria-label="Read more about Házirend">Olvass tovább</a></p>
